. Let w be x*(n + 0/1). What is the greatest common factor of 20 and w?
10
Let z(y) = -2*y**2 - y + 30. Let q be z(0). Suppose 0 = 6*t - 114 + q. What is the highest common divisor of t and 70?
14
Suppose 0 = 27*u + 1667 - 16787. Calculate the greatest common divisor of 100 and u.
20
Suppose 39*b - 72 - 903 = 0. Calculate the highest common divisor of b and 25.
25
Let m(k) be the first derivative of -k**2/2 - 6*k + 3. Let a be m(-13). Suppose -y + 3 = -a. What is the highest common factor of 4 and y?
2
Suppose 4*f - f - 4*w - 135 = 0, -4*f - w + 161 = 0. What is the greatest common factor of 123 and f?
41
Let f = 0 - -372. What is the greatest common factor of 12 and f?
12
Suppose -5*o - 4*p + 525 = 0, 5*p - 244 - 71 = -3*o. Calculate the greatest common divisor of o and 90.
15
Let n(y) = -37*y - 6. Let l be n(-3). What is the highest common factor of l and 875?
35
Suppose 0 = -3*w, -111 = -3*q - 0*w - 3*w. Let j = 136 - q. What is the highest common factor of j and 11?
11
Let c(p) = -4*p - 17. Let j be c(-5). Suppose -j*h = -381 + 51. Calculate the greatest common factor of h and 10.
10
Let f = 79 - 68. Suppose -2*a - f + 147 = 0. What is the highest common divisor of a and 170?
34
Suppose -14*f - 270 = -32*f. Let j(l) = l**3 + 2*l**2 - 2*l + 1. Let c be j(-2). What is the highest common factor of f and c?
5
Let y(q) = 3*q + 13. Let p be y(-3). Suppose -l = -p*l + 5*o + 268, o = -2. What is the highest common divisor of l and 129?
43
Let o(n) = -n**3 + n**2. Let u(b) = 101*b**3 - 4*b**2 + b. Let x(k) = 3*o(k) + u(k). Let f be x(1). What is the greatest common factor of 28 and f?
14
Let n(p) = -p**2 - 13*p - 11. Suppose -55 = -b + 6*b. Let f be n(b). Let w = 158 + -114. What is the highest common factor of f and w?
11
Let g = -14 - -15. Let r be (g*93)/(12/8). Let o = -44 + r. Calculate the greatest common factor of o and 45.
9
Let q(o) = 2*o**2 - 9*o + 13. Let c be q(4). Calculate the greatest common divisor of c and 171.
9
Suppose 6*p + 2*g + 562 = 10*p, p - 130 = -3*g. What is the greatest common divisor of p and 2?
1
Let b(d) = -d**3 + 5*d**2 + 4*d + 3. Let j be b(-3). Calculate the greatest common factor of 27 and j.
9
Let r be 9 + 104/(9 - 1). Calculate the greatest common factor of r and 11.
11
Let p be 632/10 + 7/105*-3. What is the highest common factor of p and 147?
21
Suppose 0 = -8*g + 10*g - 320. Calculate the highest common divisor of 20 and g.
20
Let v be ((-60)/(-45))/(2/249). Let r be v - (2 - 0) - 2. Suppose -49 = -10*p + 131. Calculate the highest common divisor of r and p.
18
Suppose 4*p + 2*v = 26, 5*v + 8 - 13 = 0. What is the highest common divisor of p and 111?
3
Let y = 1253 - 1099. What is the highest common factor of y and 14?
14
Let r be (80/24)/((-4)/(-3))*96. Calculate the greatest common divisor of 45 and r.
15
Let h(p) be the second derivative of -p**4/12 + 17*p**3/6 - 5*p**2/2 + p. Let r be h(16). Let f = r - 8. What is the highest common factor of f and 15?
3
Let r(k) = -k**3 + 9*k**2 - 7*k + 12. Let g be r(8). Suppose -3*u = -2*q + g, 6*u - u + 38 = 4*q. What is the highest common divisor of q and 35?
7
Let t be (1 - 1)/(-4 - -1). Suppose 4*b - 5*h - 561 = t, 0 = -3*b + 2*h - h + 429. Let r = 11 - -5. Calculate the greatest common divisor of r and b.
16
Let k = 1 + 3. Suppose 2*s = k*s - 4. Let t(y) = 17*y**2 + 5*y + 2. Let q be t(-1). Calculate the greatest common divisor of q and s.
2
Suppose -96917 = -107*p + 165340. Calculate the highest common divisor of 129 and p.
129
Suppose 11 + 25 = 3*l. Let b(i) be the first derivative of -53*i**2/2 + 14*i - 26. Let k be b(-2). Calculate the highest common divisor of l and k.
12
Let l(w) = w**3 - 5*w**2 - 6*w - 5. Let x be l(6). Let t be (-1)/(0 - (-1)/x). Let q be (-20)/(-8) - 10/20. What is the greatest common divisor of q and t?
1
Suppose -174*t + 178*t = 88. Calculate the greatest common factor of t and 8.
2
Let r be (1 - (1 + (-42)/(-98)))*1*-7. Let n = 0 + 1. Let z(g) = 26*g + 1. Let i be z(n). Calculate the highest common divisor of i and r.
3
Let q(x) = -20*x**2 - 17*x - 36. Let u(d) = -7*d**2 - 6*d - 12. Let m(t) = -6*q(t) + 17*u(t). Let a be m(0). Calculate the greatest common factor of a and 132.
12
Let q(h) = h - 1. Let v be q(11). Let i = 15 - v. Suppose 5*k - 97 = -i*a + 23, -5*k + 57 = 2*a. What is the highest common divisor of a and 168?
21
Let j(z) = 7*z - 49. Let f be j(19). Let y(l) = 20*l - 4. Let x be y(3). Calculate the highest common factor of f and x.
28
Suppose -5*g = -11 + 91. Let n = g + 19. Let w(b) = 4*b**3 + b**2 - 2*b + 1. Let j be w(n). What is the highest common divisor of 14 and j?
14
Let a be (22/5)/((-1)/(-15)). Let h be 0 - -98 - (5 - 12)/7. Calculate the highest common factor of h and a.
33
Let j(d) = 2*d**2 - 6*d + 3. Let r be j(5). Let v be (3 + -4)/(2/(-548)). Let n = -113 + v. What is the greatest common divisor of n and r?
23
Let l(r) = -59*r + 23. Let q be l(-12). What is the greatest common divisor of q and 86?
43
Let w(r) = -7*r**2 - 3*r**3 + 0*r**3 + r**3 + 6 - 3*r. Let s = 517 - 522. Let c be w(s). What is the greatest common factor of 12 and c?
12
Suppose a = -3*a + 20. Let p(x) = x**2 - 1. Let o be p(-2). Suppose -o*y = -196 + 61. Calculate the highest common divisor of a and y.
5
Let r be -114*((-4)/(-26) - (-72)/208). Let l = -29 - r. Calculate the highest common factor of l and 196.
28
Let y be 18 + (6 - 3) + -6. Let x = -11 + y. Let p = x + 0. What is the greatest common factor of 36 and p?
4
Let v = -11 + 27. Let y = 242 - 242. Let p be (2 + y/2)/(39/1248). What is the greatest common factor of p and v?
16
Let v(m) = -m**2 + 9*m - 1. Let r = 10 + -4. Let l be v(r). Suppose -3*h + 2*i = -351, 5*h = i - 3*i + 601. Calculate the highest common divisor of h and l.
17
Let f = 55 - 30. Let n = f + -15. What is the greatest common factor of 50 and n?
10
Let s(t) = -46*t + 11. Let m be s(0). Calculate the greatest common divisor of m and 209.
11
Let h = 493 - 343. What is the greatest common factor of 6 and h?
6
Let h = -8 + 20. Suppose -2*f = 4*t - 200, 2*f = -3*t - 0*t + 152. What is the greatest common factor of t and h?
12
Suppose -669 = -3*c + 3*i, -c - 24*i + 233 = -20*i. Calculate the greatest common divisor of 90 and c.
45
Let i = -519 - -558. What is the greatest common divisor of i and 91?
13
Let r(t) = 22 - t - 46 + 83. Let l be r(-21). What is the highest common factor of l and 5?
5
Let r(h) = h**3 - 6*h**2 + h - 1. Let v be r(6). Let t be 110/(-33)*(-120)/20. Calculate the highest common divisor of t and v.
5
Suppose 3*c - 621 = -4*l, 2*l - 328 = c + c. Suppose 2*x - 61 = -3*d, 0 = -5*x + 4*d - 5*d + l. Calculate the highest common divisor of 8 and x.
8
Suppose 3*i = -4*s + 644, -3*i + 4*s = -s - 599. What is the highest common factor of i and 182?
26
Let i(x) = 9 - 155*x + 75*x + 78*x. Let l be i(-8). Let k be (-2)/(-5) - (-23)/5. Calculate the highest common divisor of k and l.
5
Let t = 16 - 11. Suppose 0 = t*r + 33 - 323. Suppose -r = -5*s + 47. Calculate the highest common divisor of s and 3.
3
Let c be (-83)/(-3) + 5/(75/20). What is the highest common factor of 435 and c?
29
Suppose 5*z - 2153 - 157 = 0. Calculate the highest common factor of 165 and z.
33
Let d be (-1)/(1/(-13)) + 0. Let c be -1*1/(-3 + 4). Let g = c + 92. What is the highest common divisor of d and g?
13
Suppose 0 = 17*x + 329 - 4086. What is the highest common factor of x and 39?
13
Suppose -7 = -x + 5*v, -5*x = -0*x - v - 59. Let g = x - -8. What is the highest common factor of 10 and g?
10
Let m be 3 - (-60 + (-8)/4). Let y = -108 + 121. What is the highest common factor of y and m?
13
Let y = -12 - -17. Suppose -4*f + 13 + 9 = -3*x, y*x + 4 = 2*f. Let w be 2 + f/(7/30). Calculate the highest common factor of 8 and w.
8
Suppose 9*x + 16 = 11*x. Suppose -4*b - 116 = -x*b. What is the greatest common factor of b and 203?
29
Let q be 1074200/700 + (0 - 8/14). Calculate the greatest common factor of q and 52.
26
Suppose -5*j = 4*x + 113, 0 = x - 2*x + 5*j - 22. Let q be (20*(-6)/(-36))/((-2)/x). What is the greatest common divisor of 5 and q?
5
Let r = -209 - -217. What is the highest common divisor of 16 and r?
8
Suppose -m = -26 - 9. Let x(a) = a**3 + 9*a**2 + 8*a + 1. Let b be x(-8). Let o be b*15 - (33 - 32). Calculate the 